se 3?
20122201202020
What is 10010000010110100000 (base 2) in base 6?
20401200
-21120023323 (base 4) to base 5
-1112131423
46f62 (base 16) to base 7
2320254
1653546 (base 7) to base 6
4545100
Convert -234919 (base 11) to base 14.
-99a42
-1b09000 (base 13) to base 8
-42042765
What is -1140330 (base 7) in base 16?
-23364
bb18 (base 12) to base 7
114044
-1052ad4 (base 14) to base 4
-131133001202
What is -160261105 (base 7) in base 9?
-22211327
What is 514696 (base 10) in base 11?
321776
-16649 (base 13) to base 10
-42818
-a35099 (base 13) to base 10
-3809724
What is 1789877 (base 10) in base 7?
21133205
1721c5 (base 13) to base 10
575944
Convert 20011201011120 (base 3) to base 13.
8ab739
-1102455 (base 7) to base 8
-410322
What is 333410101 (base 5) in base 2?
101100101111110100100
What is 40053663 (base 7) in base 10?
3307545
-1801d (base 16) to base 7
-556454
-111220 (base 4) to base 11
-1049
What is -321024 (base 8) in base 11?
-73459
What is b250b (base 13) in base 12?
134a25
What is -120b4e (base 15) in base 7?
-10223354
12001300111 (base 4) to base 2
110000001110000010101
15de9 (base 16) to base 11
61334
178431a (base 13) to base 2
11101001111000000110010
-336c61 (base 14) to base 9
-3253251
What is 3434010 (base 5) in base 8?
170473
3093a5a (base 11) to base 8
24627710
b7631 (base 13) to base 4
1100231230
Convert 3424311 (base 5) to base 15.
13206
Convert 31fb3 (base 16) to base 4.
301332303
Convert -124220240 (base 5) to base 15.
-c2bea
Convert 1212021020 (base 3) to base 16.
8f25
What is 142302636 (base 7) in base 13?
1c22acc
Convert -23133022233 (base 4) to base 16.
-2df2af
Convert 625226 (base 7) to base 8.
321725
11133112 (base 4) to base 3
1010211211
What is -1175aa (base 11) in base 3?
-100102210001
Convert -b098 (base 15) to base 12.
-19698
What is -11213151 (base 6) in base 10?
-344155
What is ac67 (base 15) in base 12?
19197
What is -a6537 (base 11) in base 9?
-255607
What is 12020313200 (base 4) in base 11?
9aa005
What is 37a73 (base 14) in base 3?
20221021012
-341211241 (base 5) to base 12
-608193
Convert 1194484 (base 12) to base 15.
47b01d
What is ce01a (base 16) in base 2?
11001110000000011010
10101110000011 (base 2) to base 16
2b83
Convert 34b4bb (base 16) to base 6.
202011215
What is bfab (base 16) in base 3?
2111022022
13205115 (base 6) to base 7
3465560
What is 5035555 (base 6) in base 8?
721577
-3269 (base 16) to base 14
-49bb
What is -12853742 (base 10) in base 9?
-26161015
What is 23373 (base 16) in base 5?
14103433
What is 11011101111011110010 (base 2) in base 8?
3357362
-1037761 (base 8) to base 9
-464038
What is -12331323202 (base 4) in base 13?
-4bc4b4
Convert -13b258 (base 15) to base 10.
-948908
Convert -110105540 (base 6) to base 3.
-10201000102120
Convert -152430 (base 6) to base 10.
-14850
What is 2c86d4 (base 15) in base 7?
24213133
Convert -73bc (base 14) to base 8.
-46772
2660c86 (base 13) to base 14
185b26c
2024411301 (base 5) to base 8
17622526
Convert 183194 (base 11) to base 4.
1010330130
Convert 1000000001011101 (base 2) to base 9.
50062
11111010100110011 (base 2) to base 10
128307
What is 221203101 (base 4) in base 13?
5c60a
What is -24625702 (base 8) in base 5?
-2343410230
Convert -122002212213 (base 4) to base 15.
-8ec98c
What is -1310012331 (base 4) in base 9?
-804333
Convert -11002210001110 (base 3) to base 2.
-1000010100010101111110
4441132 (base 6) to base 9
370132
Convert 1277532 (base 8) to base 16.
57f5a
Convert 3220321 (base 11) to base 14.
a77069
Convert -11111111011 (base 2) to base 7.
-5646
What is 2b1053 (base 12) in base 8?
2614777
Convert 1110010201221 (base 3) to base 15.
1033c7
Convert 4588057 (base 10) to base 5.
2133304212
331110301 (base 5) to base 12
589085
Convert 83aa82 (base 14) to base 6.
235153334
What is 149344 (base 10) in base 8?
443540
What is 10104421000 (base 5) in base 10?
10232625
What is -367446 (base 11) in base 3?
-1002111202222
What is 2330176 (base 10) in base 9?
4341354
-2525132 (base 6) to base 2
-100001001011110000
Convert -85185 (base 9) to base 13.
-1c811
What is -155203244 (base 6) in base 16?
-32cb6c
Convert -33206472 (base 8) to base 14.
-d40746
Convert -18087730 (base 9) to base 8.
-42537112
Convert 202230030210 (base 4) to base 8.
42541444
3247065 (base 8) to base 15
123579
-3033322110 (base 4) to base 15
-11c4d9
What is -11001121020101 (base 3) in base 2?
-1000001110101011100011
Convert -62120 (base 10) to base 14.
-188d2
What is -405151501 (base 6) in base 15?
-9291b7
What is 157117a (base 13) in base 4?
122101010210
What is 332320211 (base 4) in base 13?
90314
Convert -1b22896 (base 13) to base 9.
-17787036
Convert 3d938 (base 15) to base 7.
1452521
68b32 (base 15) to base 3
121221011102
Convert -4282a1 (base 12) to base 11.
-658725
Convert -1430213331 (base 5) to base 10.
-3757341
What is 1973a04 (base 14) in base 8?
60201144
143ab9 (base 13) to base 3
221002121012
Convert b6ddce (base 15) to base 2.
100001001100111101111101
What is -121332002 (base 4) in base 8?
-317602
Convert 5f87d (base 16) to base 10.
391293
-47513 (base 8) to base 5
-1122144
What is -102111012111112 (base 3) in base 13?
-135a184
-33132230021 (base 4) to base 9
-7564308
190461 (base 13) to base 11
39a717
5664340 (base 7) to base 5
140030130
Convert -6676 (base 9) to base 6.
-34453
-51398 (base 13) to base 12
-70342
What is 871602 (base 11) in base 5?
324033304
What is 306046 (base 10) in base 4?
1022231332
Convert 3423016 (base 7) to base 6.
13044151
What is -1220110112 (base 3) in base 13?
-140cc
What is -50b76 (base 16) in base 14?
-886b4
What is -1437811 (base 10) in base 6?
-50452311
Convert 49a05 (base 11) to base 12.
3563a
What is 2130541 (base 8) in base 11?
35a027
What is -24032132 (base 5) in base 12?
-a7a19
-3333000223 (base 4) to base 8
-3770053
What is -100101010000111111010 (base 2) in base 13?
-339a6b
Convert 4232417 (base 8) to base 5.
242041240
Convert -8789 (base 10) to base 6.
-104405
Convert 33123211 (base 4) to base 16.
f6e5
-94526 (base 10) to base 4
-113010332
201322002311 (base 4) to base 10
8888501
Convert -455d (base 14) to base 3.
-121111220
What is -300010142 (base 5) in base 11?
-730a52
Convert -1041012114 (base 5) to base 3.
-11021221112102
What is -29e4d (base 16) in base 8?
-517115
What is -cbe7 (base 16) in base 15?
-106ee
5565032 (base 8) to base 9
2737870
Convert -20ff9 (base 16) to base 11.
-92604
What is -474d4a (base 14) in base 9?
-4518480
168b490 (base 12) to base 8
21626354
What is 110101010111010100100 (base 2) in base 8?
6527244
Convert 2184725 (base 9) to base 4.
10133211011
What is 379782 (base 11) in base 13?
17c59a
Convert 3801682 (base 10) to base 3.
21011010221001
-5caa (base 15) to base 16
-4d17
Convert -74685 (base 12) to base 3.
-21202220202
Convert 75624a (base 11) to base 5.
302140334
Convert a8b09 (base 16) to base 6.
22450505
What is -250177 (base 10) in base 13?
-89b45
1120412431 (base 5) to base 2
1001100101101001010011
Convert 5360b (base 13) to base 4.
210232111
-135253536 (base 7) to base 11
-5009678
-130010330333 (base 4) to base 15
-9a5c7e
What is 2032241 (base 7) in base 8?
733162
-100000100011001011011111 (base 2) to base 6
-502515131
162755 (base 10) to base 12
7a22b
Convert -c2263b (base 13) to base 10.
-4518096
Convert -773ab (base 14) to base 9.
-480214
What is -31503515 (base 6) in base 9?
-1661432
What is 74607 (base 10) in base 6?
1333223
-110122212202 (base 3) to base 8
-746616
Convert 295a5 (base 14) to base 15.
20638
What is -111101100010000010011 (base 2) in base 16?
-1ec413
Convert 65280a (base 12) to base 9.
3010501
What is 142610 (base 14) in base 13?
1b5a21
Convert -11211212 (base 3) to base 13.
-17ba
What is 249659 (base 10) in base 15?
4de8e
What is 314443141 (base 5) in base 4?
11010030301
91ae (base 16) to base 14
d83c
Convert -19803 (base 16) to base 4.
-121200003
What is -1099b (base 14) in base 13?
-15474
Convert -897c (base 15) to base 16.
-71d6
What is -a517 (base 13) in base 7?
-123401
What is 80375 (base 11) in base 6?
2304153
What is -104101 (base 6) in base 8?
-20745
-20112201021111 (base 3) to base 10
-3478261
Convert -2554423 (base 6) to base 13.
-4b77a
Convert -112211313 (base 6) to base 14.
-3bc565
111402204 (base 7) to base 9
13664166
What is 1010001101011100101011 (base 2) i